{"id":2510,"date":"2022-01-26T08:59:16","date_gmt":"2022-01-26T07:59:16","guid":{"rendered":"https:\/\/www.euromi.com\/?post_type=product&#038;p=2510"},"modified":"2022-01-26T17:37:19","modified_gmt":"2022-01-26T16:37:19","slug":"gilet-sed","status":"publish","type":"product","link":"https:\/\/www.euromi.com\/fr\/p\/gilet-sed\/","title":{"rendered":"Gilet (SED)"},"content":{"rendered":"<p>Le <strong>gilet pour patient atteint du syndrome d\u2019Ehlers Danlos (SED) <\/strong>aide, gr\u00e2ce \u00e0 son effet compressif, \u00e0 am\u00e9liorer la perception du corps, soutenir vos articulations et stabiliser vos mouvements.<\/p>\n<p>Il est disponible sans manche, avec manches courtes ou longues et est enti\u00e8rement r\u00e9alis\u00e9 selon vos mesures.<\/p>\n<p><em>\u00a0<\/em><\/p>\n<p><strong><u>Les v\u00eatements pour patient atteint du SED sont d\u00e9livr\u00e9s sous prescription m\u00e9dicale et ne peuvent \u00eatre command\u00e9s en ligne. Merci de vous orienter vers un professionnel de sant\u00e9 ou d\u2019utiliser le formulaire de contact ci-contre pour nous contacter.<\/u><\/strong><\/p>\n","protected":false},"excerpt":{"rendered":"<p>Le gilet pour patient atteint du syndrome d\u2019Ehlers Danlos (SED) aide, gr\u00e2ce \u00e0 son effet compressif, \u00e0 am\u00e9liorer la perception du corps, soutenir vos articulations et stabiliser vos mouvements. Il est disponible sans manche, avec manches courtes ou longues et est enti\u00e8rement r\u00e9alis\u00e9 selon vos mesures. \u00a0 Les v\u00eatements pour patient atteint du SED sont [&hellip;]<\/p>\n","protected":false},"featured_media":2520,"template":"","meta":{"_et_pb_use_builder":"","_et_pb_old_content":"","_et_gb_content_width":"","spay_email":""},"product_cat":[60],"product_tag":[],"yoast_head":"<!-- This site is optimized with the Yoast SEO plugin v18.2 - https:\/\/yoast.com\/wordpress\/plugins\/seo\/ -->\n<title>Gilet compressif pour syndrome d&#039;Ehlers Danlos - Euromi<\/title>\n<meta name=\"description\" content=\"Le gilet pour le syndrome d&#039;Ehlers Danlos aide, gr\u00e2ce \u00e0 son effet compressif, \u00e0 am\u00e9liorer la perception du corps, soutenir vos articulations et stabiliser vos mouvements.\" \/>\n<meta name=\"robots\" content=\"index, follow, max-snippet:-1, max-image-preview:large, max-video-preview:-1\" \/>\n<link rel=\"canonical\" href=\"https:\/\/www.euromi.com\/fr\/p\/gilet-sed\/\" \/>\n<meta property=\"og:locale\" content=\"fr_FR\" \/>\n<meta property=\"og:type\" content=\"article\" \/>\n<meta property=\"og:title\" content=\"Gilet compressif pour syndrome d&#039;Ehlers Danlos - Euromi\" \/>\n<meta property=\"og:description\" content=\"Le gilet pour le syndrome d&#039;Ehlers Danlos aide, gr\u00e2ce \u00e0 son effet compressif, \u00e0 am\u00e9liorer la perception du corps, soutenir vos articulations et stabiliser vos mouvements.\" \/>\n<meta property=\"og:url\" content=\"https:\/\/www.euromi.com\/fr\/p\/gilet-sed\/\" \/>\n<meta property=\"og:site_name\" content=\"Euromi\" \/>\n<meta property=\"article:modified_time\" content=\"2022-01-26T16:37:19+00:00\" \/>\n<meta property=\"og:image\" content=\"https:\/\/www.euromi.com\/wp-content\/uploads\/2022\/01\/Gilet-manches-longues-sed.jpg\" \/>\n\t<meta property=\"og:image:width\" content=\"980\" \/>\n\t<meta property=\"og:image:height\" content=\"1401\" \/>\n\t<meta property=\"og:image:type\" content=\"image\/jpeg\" \/>\n<meta name=\"twitter:card\" content=\"summary_large_image\" \/>\n<script type=\"application\/ld+json\" class=\"yoast-schema-graph\">{\"@context\":\"https:\/\/schema.org\",\"@graph\":[{\"@type\":\"Organization\",\"@id\":\"https:\/\/www.euromi.com\/fr\/#organization\",\"name\":\"Euromi\",\"url\":\"https:\/\/www.euromi.com\/fr\/\",\"sameAs\":[],\"logo\":{\"@type\":\"ImageObject\",\"@id\":\"https:\/\/www.euromi.com\/fr\/#logo\",\"inLanguage\":\"fr-FR\",\"url\":\"https:\/\/www.euromi.com\/wp-content\/uploads\/2021\/10\/cropped-favicon.jpg\",\"contentUrl\":\"https:\/\/www.euromi.com\/wp-content\/uploads\/2021\/10\/cropped-favicon.jpg\",\"width\":512,\"height\":512,\"caption\":\"Euromi\"},\"image\":{\"@id\":\"https:\/\/www.euromi.com\/fr\/#logo\"}},{\"@type\":\"WebSite\",\"@id\":\"https:\/\/www.euromi.com\/fr\/#website\",\"url\":\"https:\/\/www.euromi.com\/fr\/\",\"name\":\"Euromi\",\"description\":\"Fabricant de Mat\u00e9riel M\u00e9dical\",\"publisher\":{\"@id\":\"https:\/\/www.euromi.com\/fr\/#organization\"},\"potentialAction\":[{\"@type\":\"SearchAction\",\"target\":{\"@type\":\"EntryPoint\",\"urlTemplate\":\"https:\/\/www.euromi.com\/fr\/?s={search_term_string}\"},\"query-input\":\"required name=search_term_string\"}],\"inLanguage\":\"fr-FR\"},{\"@type\":\"ImageObject\",\"@id\":\"https:\/\/www.euromi.com\/fr\/p\/gilet-sed\/#primaryimage\",\"inLanguage\":\"fr-FR\",\"url\":\"https:\/\/www.euromi.com\/wp-content\/uploads\/2022\/01\/Gilet-manches-longues-sed.jpg\",\"contentUrl\":\"https:\/\/www.euromi.com\/wp-content\/uploads\/2022\/01\/Gilet-manches-longues-sed.jpg\",\"width\":980,\"height\":1401},{\"@type\":\"WebPage\",\"@id\":\"https:\/\/www.euromi.com\/fr\/p\/gilet-sed\/#webpage\",\"url\":\"https:\/\/www.euromi.com\/fr\/p\/gilet-sed\/\",\"name\":\"Gilet compressif pour syndrome d'Ehlers Danlos - Euromi\",\"isPartOf\":{\"@id\":\"https:\/\/www.euromi.com\/fr\/#website\"},\"primaryImageOfPage\":{\"@id\":\"https:\/\/www.euromi.com\/fr\/p\/gilet-sed\/#primaryimage\"},\"datePublished\":\"2022-01-26T07:59:16+00:00\",\"dateModified\":\"2022-01-26T16:37:19+00:00\",\"description\":\"Le gilet pour le syndrome d'Ehlers Danlos aide, gr\u00e2ce \u00e0 son effet compressif, \u00e0 am\u00e9liorer la perception du corps, soutenir vos articulations et stabiliser vos mouvements.\",\"breadcrumb\":{\"@id\":\"https:\/\/www.euromi.com\/fr\/p\/gilet-sed\/#breadcrumb\"},\"inLanguage\":\"fr-FR\",\"potentialAction\":[{\"@type\":\"ReadAction\",\"target\":[\"https:\/\/www.euromi.com\/fr\/p\/gilet-sed\/\"]}]},{\"@type\":\"BreadcrumbList\",\"@id\":\"https:\/\/www.euromi.com\/fr\/p\/gilet-sed\/#breadcrumb\",\"itemListElement\":[{\"@type\":\"ListItem\",\"position\":1,\"name\":\"Accueil\",\"item\":\"https:\/\/www.euromi.com\/fr\/\"},{\"@type\":\"ListItem\",\"position\":2,\"name\":\"Boutique\",\"item\":\"https:\/\/www.euromi.com\/fr\/boutique\/\"},{\"@type\":\"ListItem\",\"position\":3,\"name\":\"V\u00eatements et pansements\",\"item\":\"https:\/\/www.euromi.com\/fr\/catp\/vetements-chirurgicaux-et-pansements\/\"},{\"@type\":\"ListItem\",\"position\":4,\"name\":\"V\u00eatements compressifs\",\"item\":\"https:\/\/www.euromi.com\/fr\/catp\/vetements-chirurgicaux-et-pansements\/vetements-compressifs\/\"},{\"@type\":\"ListItem\",\"position\":5,\"name\":\"Syndrome d'Ehlers Danlos (SED)\",\"item\":\"https:\/\/www.euromi.com\/fr\/catp\/vetements-chirurgicaux-et-pansements\/vetements-compressifs\/vetements-sed\/\"},{\"@type\":\"ListItem\",\"position\":6,\"name\":\"Gilet (SED)\"}]}]}<\/script>\n<!-- \/ Yoast SEO plugin. -->","yoast_head_json":{"title":"Gilet compressif pour syndrome d'Ehlers Danlos - Euromi","description":"Le gilet pour le syndrome d'Ehlers Danlos aide, gr\u00e2ce \u00e0 son effet compressif, \u00e0 am\u00e9liorer la perception du corps, soutenir vos articulations et stabiliser vos mouvements.","robots":{"index":"index","follow":"follow","max-snippet":"max-snippet:-1","max-image-preview":"max-image-preview:large","max-video-preview":"max-video-preview:-1"},"canonical":"https:\/\/www.euromi.com\/fr\/p\/gilet-sed\/","og_locale":"fr_FR","og_type":"article","og_title":"Gilet compressif pour syndrome d'Ehlers Danlos - Euromi","og_description":"Le gilet pour le syndrome d'Ehlers Danlos aide, gr\u00e2ce \u00e0 son effet compressif, \u00e0 am\u00e9liorer la perception du corps, soutenir vos articulations et stabiliser vos mouvements.","og_url":"https:\/\/www.euromi.com\/fr\/p\/gilet-sed\/","og_site_name":"Euromi","article_modified_time":"2022-01-26T16:37:19+00:00","og_image":[{"width":980,"height":1401,"url":"https:\/\/www.euromi.com\/wp-content\/uploads\/2022\/01\/Gilet-manches-longues-sed.jpg","type":"image\/jpeg"}],"twitter_card":"summary_large_image","schema":{"@context":"https:\/\/schema.org","@graph":[{"@type":"Organization","@id":"https:\/\/www.euromi.com\/fr\/#organization","name":"Euromi","url":"https:\/\/www.euromi.com\/fr\/","sameAs":[],"logo":{"@type":"ImageObject","@id":"https:\/\/www.euromi.com\/fr\/#logo","inLanguage":"fr-FR","url":"https:\/\/www.euromi.com\/wp-content\/uploads\/2021\/10\/cropped-favicon.jpg","contentUrl":"https:\/\/www.euromi.com\/wp-content\/uploads\/2021\/10\/cropped-favicon.jpg","width":512,"height":512,"caption":"Euromi"},"image":{"@id":"https:\/\/www.euromi.com\/fr\/#logo"}},{"@type":"WebSite","@id":"https:\/\/www.euromi.com\/fr\/#website","url":"https:\/\/www.euromi.com\/fr\/","name":"Euromi","description":"Fabricant de Mat\u00e9riel M\u00e9dical","publisher":{"@id":"https:\/\/www.euromi.com\/fr\/#organization"},"potentialAction":[{"@type":"SearchAction","target":{"@type":"EntryPoint","urlTemplate":"https:\/\/www.euromi.com\/fr\/?s={search_term_string}"},"query-input":"required name=search_term_string"}],"inLanguage":"fr-FR"},{"@type":"ImageObject","@id":"https:\/\/www.euromi.com\/fr\/p\/gilet-sed\/#primaryimage","inLanguage":"fr-FR","url":"https:\/\/www.euromi.com\/wp-content\/uploads\/2022\/01\/Gilet-manches-longues-sed.jpg","contentUrl":"https:\/\/www.euromi.com\/wp-content\/uploads\/2022\/01\/Gilet-manches-longues-sed.jpg","width":980,"height":1401},{"@type":"WebPage","@id":"https:\/\/www.euromi.com\/fr\/p\/gilet-sed\/#webpage","url":"https:\/\/www.euromi.com\/fr\/p\/gilet-sed\/","name":"Gilet compressif pour syndrome d'Ehlers Danlos - Euromi","isPartOf":{"@id":"https:\/\/www.euromi.com\/fr\/#website"},"primaryImageOfPage":{"@id":"https:\/\/www.euromi.com\/fr\/p\/gilet-sed\/#primaryimage"},"datePublished":"2022-01-26T07:59:16+00:00","dateModified":"2022-01-26T16:37:19+00:00","description":"Le gilet pour le syndrome d'Ehlers Danlos aide, gr\u00e2ce \u00e0 son effet compressif, \u00e0 am\u00e9liorer la perception du corps, soutenir vos articulations et stabiliser vos mouvements.","breadcrumb":{"@id":"https:\/\/www.euromi.com\/fr\/p\/gilet-sed\/#breadcrumb"},"inLanguage":"fr-FR","potentialAction":[{"@type":"ReadAction","target":["https:\/\/www.euromi.com\/fr\/p\/gilet-sed\/"]}]},{"@type":"BreadcrumbList","@id":"https:\/\/www.euromi.com\/fr\/p\/gilet-sed\/#breadcrumb","itemListElement":[{"@type":"ListItem","position":1,"name":"Accueil","item":"https:\/\/www.euromi.com\/fr\/"},{"@type":"ListItem","position":2,"name":"Boutique","item":"https:\/\/www.euromi.com\/fr\/boutique\/"},{"@type":"ListItem","position":3,"name":"V\u00eatements et pansements","item":"https:\/\/www.euromi.com\/fr\/catp\/vetements-chirurgicaux-et-pansements\/"},{"@type":"ListItem","position":4,"name":"V\u00eatements compressifs","item":"https:\/\/www.euromi.com\/fr\/catp\/vetements-chirurgicaux-et-pansements\/vetements-compressifs\/"},{"@type":"ListItem","position":5,"name":"Syndrome d'Ehlers Danlos (SED)","item":"https:\/\/www.euromi.com\/fr\/catp\/vetements-chirurgicaux-et-pansements\/vetements-compressifs\/vetements-sed\/"},{"@type":"ListItem","position":6,"name":"Gilet (SED)"}]}]}},"jetpack-related-posts":[],"_links":{"self":[{"href":"https:\/\/www.euromi.com\/fr\/wp-json\/wp\/v2\/product\/2510"}],"collection":[{"href":"https:\/\/www.euromi.com\/fr\/wp-json\/wp\/v2\/product"}],"about":[{"href":"https:\/\/www.euromi.com\/fr\/wp-json\/wp\/v2\/types\/product"}],"wp:featuredmedia":[{"embeddable":true,"href":"https:\/\/www.euromi.com\/fr\/wp-json\/wp\/v2\/media\/2520"}],"wp:attachment":[{"href":"https:\/\/www.euromi.com\/fr\/wp-json\/wp\/v2\/media?parent=2510"}],"wp:term":[{"taxonomy":"product_cat","embeddable":true,"href":"https:\/\/www.euromi.com\/fr\/wp-json\/wp\/v2\/product_cat?post=2510"},{"taxonomy":"product_tag","embeddable":true,"href":"https:\/\/www.euromi.com\/fr\/wp-json\/wp\/v2\/product_tag?post=2510"}],"curies":[{"name":"wp","href":"https:\/\/api.w.org\/{rel}","templated":true}]}}

<p>Le <strong>gilet pour patient atteint du syndrome d’Ehlers Danlos (SED) </strong>aide, grâce à son effet compressif, à améliorer la perception du corps, soutenir vos articulations et stabiliser vos mouvements.</p>
<p>Il est disponible sans manche, avec manches courtes ou longues et est entièrement réalisé selon vos mesures.</p>
<p><em> </em></p>
<p><strong><u>Les vêtements pour patient atteint du SED sont délivrés sous prescription médicale et ne peuvent être commandés en ligne. Merci de vous orienter vers un professionnel de santé ou d’utiliser le formulaire de contact ci-contre pour nous contacter.</u></strong></p>

<p>Le gilet pour patient atteint du syndrome d’Ehlers Danlos (SED) aide, grâce à son effet compressif, à améliorer la perception du corps, soutenir vos articulations et stabiliser vos mouvements. Il est disponible sans manche, avec manches courtes ou longues et est entièrement réalisé selon vos mesures.   Les vêtements pour patient atteint du SED sont [&hellip;]</p>

<!-- This site is optimized with the Yoast SEO plugin v18.2 - https://yoast.com/wordpress/plugins/seo/ -->
<title>Gilet compressif pour syndrome d&#039;Ehlers Danlos - Euromi</title>
<meta name="description" content="Le gilet pour le syndrome d&#039;Ehlers Danlos aide, grâce à son effet compressif, à améliorer la perception du corps, soutenir vos articulations et stabiliser vos mouvements." />
<meta name="robots" content="index, follow, max-snippet:-1, max-image-preview:large, max-video-preview:-1" />
<link rel="canonical" href="https://www.euromi.com/fr/p/gilet-sed/" />
<meta property="og:locale" content="fr_FR" />
<meta property="og:type" content="article" />
<meta property="og:title" content="Gilet compressif pour syndrome d&#039;Ehlers Danlos - Euromi" />
<meta property="og:description" content="Le gilet pour le syndrome d&#039;Ehlers Danlos aide, grâce à son effet compressif, à améliorer la perception du corps, soutenir vos articulations et stabiliser vos mouvements." />
<meta property="og:url" content="https://www.euromi.com/fr/p/gilet-sed/" />
<meta property="og:site_name" content="Euromi" />
<meta property="article:modified_time" content="2022-01-26T16:37:19+00:00" />
<meta property="og:image" content="https://www.euromi.com/wp-content/uploads/2022/01/Gilet-manches-longues-sed.jpg" />
	<meta property="og:image:width" content="980" />
	<meta property="og:image:height" content="1401" />
	<meta property="og:image:type" content="image/jpeg" />
<meta name="twitter:card" content="summary_large_image" />
<script type="application/ld+json" class="yoast-schema-graph">{"@context":"https://schema.org","@graph":[{"@type":"Organization","@id":"https://www.euromi.com/fr/#organization","name":"Euromi","url":"https://www.euromi.com/fr/","sameAs":[],"logo":{"@type":"ImageObject","@id":"https://www.euromi.com/fr/#logo","inLanguage":"fr-FR","url":"https://www.euromi.com/wp-content/uploads/2021/10/cropped-favicon.jpg","contentUrl":"https://www.euromi.com/wp-content/uploads/2021/10/cropped-favicon.jpg","width":512,"height":512,"caption":"Euromi"},"image":{"@id":"https://www.euromi.com/fr/#logo"}},{"@type":"WebSite","@id":"https://www.euromi.com/fr/#website","url":"https://www.euromi.com/fr/","name":"Euromi","description":"Fabricant de Matériel Médical","publisher":{"@id":"https://www.euromi.com/fr/#organization"},"potentialAction":[{"@type":"SearchAction","target":{"@type":"EntryPoint","urlTemplate":"https://www.euromi.com/fr/?s={search_term_string}"},"query-input":"required name=search_term_string"}],"inLanguage":"fr-FR"},{"@type":"ImageObject","@id":"https://www.euromi.com/fr/p/gilet-sed/#primaryimage","inLanguage":"fr-FR","url":"https://www.euromi.com/wp-content/uploads/2022/01/Gilet-manches-longues-sed.jpg","contentUrl":"https://www.euromi.com/wp-content/uploads/2022/01/Gilet-manches-longues-sed.jpg","width":980,"height":1401},{"@type":"WebPage","@id":"https://www.euromi.com/fr/p/gilet-sed/#webpage","url":"https://www.euromi.com/fr/p/gilet-sed/","name":"Gilet compressif pour syndrome d'Ehlers Danlos - Euromi","isPartOf":{"@id":"https://www.euromi.com/fr/#website"},"primaryImageOfPage":{"@id":"https://www.euromi.com/fr/p/gilet-sed/#primaryimage"},"datePublished":"2022-01-26T07:59:16+00:00","dateModified":"2022-01-26T16:37:19+00:00","description":"Le gilet pour le syndrome d'Ehlers Danlos aide, grâce à son effet compressif, à améliorer la perception du corps, soutenir vos articulations et stabiliser vos mouvements.","breadcrumb":{"@id":"https://www.euromi.com/fr/p/gilet-sed/#breadcrumb"},"inLanguage":"fr-FR","potentialAction":[{"@type":"ReadAction","target":["https://www.euromi.com/fr/p/gilet-sed/"]}]},{"@type":"BreadcrumbList","@id":"https://www.euromi.com/fr/p/gilet-sed/#breadcrumb","itemListElement":[{"@type":"ListItem","position":1,"name":"Accueil","item":"https://www.euromi.com/fr/"},{"@type":"ListItem","position":2,"name":"Boutique","item":"https://www.euromi.com/fr/boutique/"},{"@type":"ListItem","position":3,"name":"Vêtements et pansements","item":"https://www.euromi.com/fr/catp/vetements-chirurgicaux-et-pansements/"},{"@type":"ListItem","position":4,"name":"Vêtements compressifs","item":"https://www.euromi.com/fr/catp/vetements-chirurgicaux-et-pansements/vetements-compressifs/"},{"@type":"ListItem","position":5,"name":"Syndrome d'Ehlers Danlos (SED)","item":"https://www.euromi.com/fr/catp/vetements-chirurgicaux-et-pansements/vetements-compressifs/vetements-sed/"},{"@type":"ListItem","position":6,"name":"Gilet (SED)"}]}]}</script>
<!-- / Yoast SEO plugin. -->

Le gilet pour le syndrome d'Ehlers Danlos aide, grâce à son effet compressif, à améliorer la perception du corps, soutenir vos articulations et stabiliser vos mouvements.

Fabricant de Matériel Médical

Vêtements et pansements

Vêtements compressifs
